*h - 36 = h. Let a(k) = -k**3 - 11*k**2 + 11*k + 11. List the prime factors of a(h).
23
List the prime factors of 1480 - (-22)/55*(-9 + -1).
2, 3, 41
Let q = -6 - 27. Let n be (-6)/q + 186/66. Suppose -2*f - 4*u + 180 = 2*f, n*f - 2*u - 155 = 0. What are the prime factors of f?
7
Let j = -21 - -22. Let u be 0 + (-3 + j - -160). Suppose 4*d = -2*m + 34 + 82, -5*d + 4*m + u = 0. What are the prime factors of d?
2, 3, 5
Suppose -3*d = -3*n - 255, -5*d + n + 325 = -d. Suppose 63 = 5*k - q, 5*k + q + 13 - d = 0. Let a = k + 6. List the prime factors of a.
19
Suppose -3*d + 5*b + 1008 = -d, 4*d + b = 2038. List the prime factors of d.
509
Let d(q) = 2*q - 17. Suppose 30 = -12*w + 15*w. Let j be d(w). List the prime factors of (1 + -10)*(-1)/j.
3
Suppose -g + 58 + 36 = 0. List the prime factors of (-42)/63 - g/(-6).
3, 5
Suppose -4*n - 5*s + 11 = 0, 0 = s + 1. Suppose 3*y + 1 = n. Suppose 2*t - y = 9. What are the prime factors of t?
5
Let a(s) = 2*s**2 - 16*s. Suppose n - 4*n + 28 = 5*i, -9 = -n - 2*i. What are the prime factors of a(n)?
2, 3, 11
Let q(x) = 76*x + 25. List the prime factors of q(2).
3, 59
Suppose 0 = 5*d - 2*d - 45. Suppose -p = 526 - 536. Suppose -d = -4*t + r, t = -r + p - 0. What are the prime factors of t?
5
Suppose 16 = 4*t - 0*t. What are the prime factors of t + 35 - 0/(-3)?
3, 13
Let y be -12*(75/(-9))/5. Let p = 11 - y. List the prime factors of (0 - -21)*(-12)/p.
2, 7
List the prime factors of (-30)/(-18) - 606/(-9).
3, 23
Let u = 10 + 46. Let p = 221 - u. List the prime factors of p.
3, 5, 11
Let s = -14 - -22. Suppose -18 = -s*g + 2*g. Suppose 10 + 2 = g*v. List the prime factors of v.
2
Suppose -4*u = 4*t - 6*u - 18, 32 = t + 5*u. Suppose -3*l + 290 = t*l. List the prime factors of l.
29
Suppose -5*x + 16 = 3*l, -4*l - 5*x = -9*l. Suppose 3*c + l*c - 5 = 0, -4*i + 2*c + 238 = 0. What are the prime factors of i?
2, 3, 5
Suppose -28 = -5*i + 4*m, -8 - 6 = -2*i + 3*m. Suppose 112 = 2*p + 2*p - i*a, -5*p + 140 = -4*a. Let d = p - 3. List the prime factors of d.
5
Suppose 0 = -2*f - f + 30. Let i = 4 - f. List the prime factors of ((-4)/i)/((-3)/(-90)).
2, 5
Let j be ((-14)/(-70))/((-2)/(-30)). Suppose h - 171 = -v, -j*v + 201 = 2*h - 136. List the prime factors of h.
2, 11
Let i(p) = -2*p**3 - p**2 + 11*p + 4. List the prime factors of i(-9).
2, 641
Let b be (-4)/(((-18)/93)/3). Let i = b - -84. Let v = i + -79. List the prime factors of v.
67
Let r = -917 - -1388. List the prime factors of r.
3, 157
Let k be 1*2*9/(-3). What are the prime factors of (-4)/k + (-200)/(-15)?
2, 7
Suppose 705 + 120 = 3*l. Suppose -5*a + 5*z = -l, -a - 2*z + 34 = -36. Suppose -3*k = k - a. What are the prime factors of k?
3, 5
Suppose 0 = 5*p - 1 - 9. Suppose 0 = y - 34 + p. List the prime factors of y.
2
Suppose 676 = 20*q - 11024. List the prime factors of q.
3, 5, 13
Suppose 4*u - 2*u = y - 1169, 4*u = 5*y - 5845. List the prime factors of y.
7, 167
Let g(o) = -36*o**2 - 3*o - 4. Let q(v) = -37*v**2 - 4*v - 5. Let h(i) = -4*g(i) + 3*q(i). List the prime factors of h(2).
7, 19
Let n = 2286 + -209. What are the prime factors of n?
31, 67
What are the prime factors of ((-18)/(-10))/(288/212640)?
3, 443
What are the prime factors of -1*10 + (-33 - -2573)?
2, 5, 11, 23
Suppose 2*s - 2*n + 12 = 30, n = -3*s + 35. Let t(i) = i**3 - 10*i**2 - 8*i - 3. What are the prime factors of t(s)?
2, 3, 5
Let k(f) = -f - 8. Let c be (-160)/(-30)*3/(-2). Let g be k(c). Suppose g = -5*a + 184 - 9. List the prime factors of a.
5, 7
Suppose 4*j = 170 + 330. Let y = j + -68. What are the prime factors of y?
3, 19
Suppose -9*f + 29 = -7. Suppose -1057 = -f*x + y, 2*x + 3*y = 5*x - 795. What are the prime factors of x?
2, 3, 11
Suppose 634 + 23006 = 10*c. List the prime factors of c.
2, 3, 197
Suppose -4*o - 2*h - 85 = o, -68 = 4*o + 2*h. Let n be (1 - 1)/(o - -19). Suppose -2*q + 67 = 5*u, 3*q + q - 2*u - 170 = n. What are the prime factors of q?
41
Let w = 1938 + -182. What are the prime factors of w?
2, 439
Let d = 73 - -588. List the prime factors of d.
661
Suppose 0 = o - 2*l - 4041, 19*o - 20*o + 4044 = -5*l. List the prime factors of o.
7, 577
Let u(s) = -52*s + 176. List the prime factors of u(-23).
2, 7
Let t = -8 - -10. Suppose t*r = -2*r. Suppose -c = -3*u + 45, r = 5*u + 3*c - 32 - 57. What are the prime factors of u?
2
Suppose -c + 506 = a, a = -5*c - 0*c + 2542. What are the prime factors of c?
509
Suppose -2*g - g + 162 = 0. Suppose 5*y + 3*n + 1 = 279, 0 = -y + n + g. What are the prime factors of y?
5, 11
Let a(k) = -k**3 + k**2 + k - 38. Let i be a(0). Let w = 19 + i. Let r = w - -31. What are the prime factors of r?
2, 3
Suppose 9*w + 4736 - 13124 = 0. What are the prime factors of w?
2, 233
Let i(r) = -r**2 + 10*r - 20. Let q be i(6). Suppose -94 - 42 = -q*l. What are the prime factors of l?
2, 17
What are the prime factors of 5/((-135)/144)*144/(-2)?
2, 3
Let o = -162 - -107. Let w = o + 149. What are the prime factors of w?
2, 47
Suppose -5*u + 27 = 7*j - 3*j, 4*u + 5*j - 27 = 0. Suppose 40 = 4*l + 4*h, 2*h + 25 = 7*h. Let b = l + u. What are the prime factors of b?
2
List the prime factors of (-3167)/(-5) - (-6)/40*4.
2, 317
List the prime factors of ((-4)/(32/(-2052)))/(42/728).
2, 3, 13, 19
Let b(l) = -l**2 + 11*l + 15. Let c be b(7). Suppose 351 = c*v - 40*v. What are the prime factors of v?
3, 13
Let a = -70 - -106. Suppose 2*y = -2*u + a, 4 = 3*u - 4*u. What are the prime factors of y?
2, 11
Let h = 16 - 10. Let j be (-348)/h + -1 + -1. Let f = j - -90. List the prime factors of f.
2, 3, 5
Suppose -2*p = 27 - 21. Let m(g) = -5 + 2*g**2 + g**2 - g**3 - 5*g**2 - g. What are the prime factors of m(p)?
7
Suppose 2*q + 0*h - 3473 = -5*h, -5*q + h + 8642 = 0. List the prime factors of q.
7, 13, 19
Let a(o) = -2*o**3 - 4*o**2 + 3*o + 3172. What are the prime factors of a(0)?
2, 13, 61
Let n(w) = 7*w + 3. Let t(b) = b + 1. Let q(f) = n(f) - 4*t(f). Let s be q(2). Suppose -s*h = -2*h - 96. List the prime factors of h.
2
Let o = 2330 - 2126. What are the prime factors of o?
2, 3, 17
Let s be 31/(-2) + (-1)/2. Let o(l) = l**3 - 5*l**2 + 9*l - 9. Let a be o(5). Let u = a + s. List the prime factors of u.
2, 5
Suppose 38*y + 9*y = 33511. List the prime factors of y.
23, 31
Suppose 5*y - 3*x - 14 = -2*x, 0 = 4*x + 16. Suppose -j + a + 2 = -32, y*a = -5*j + 198. What are the prime factors of j?
2, 19
Let f(h) = 167*h**2 + 7*h + 9. Let l be f(-2). Suppose -l = -4*j - 5*k, -k = -2*j + 64 + 285. What are the prime factors of j?
2, 43
Let q(y) = -71*y - 339. Let h be q(-5). Let r(m) = -m**2 + 9*m + 6. Let u be r(6). Suppose -a + u = -h. What are the prime factors of a?
2, 5
List the prime factors of 340/765 - 29867/(-9).
3319
Suppose 0 = 30*x - 65*x + 128485. What are the prime factors of x?
3671
Suppose 325 = 5*j - 2*i, j + 6*i - 82 = 3*i. What are the prime factors of j?
67
Suppose -5*t = y + 5, -18 = 4*y + 4*t + 18. Let i(z) = -z**2 - 20*z - 14. What are the prime factors of i(y)?
2, 43
Suppose 0 = -2*f - 5*c + 2175, -2*f = -2*c - 320 - 1820. What are the prime factors of f?
5, 43
Suppose -3*x - 10 = -19. Suppose x*q - 6*q - 40 = -2*j, 44 = 2*j - 2*q. List the prime factors of j.
2, 13
Suppose -70 = -4*d + 18. Suppose -8 = -5*p + d. What are the prime factors of p?
2, 3
Suppose -4*d - 63 + 15 = 0. Let r = -30 - d. What are the prime factors of (-4)/r + (-1716)/(-54)?
2
Suppose 0 = -l + 1, -l + 5*l = 3*d - 455. Suppose -61 = 3*u + 197. Let c = u + d. What are the prime factors of c?
67
Let a(u) = -2*u - 2. Let s be a(-2). Let f be -3 - ((-205)/6 - (-9)/54). Suppose 5*d - q = 155, s*d + 2*q - f = 43. What are the prime factors of d?
2
Suppose 35*q + 5112 = 43*q. What are the prime factors of q?
3, 71
Let g(v) = 2*v**3 - 23*v**2 + 2*v + 10. Let d(n) = n**3 - 8*n**2 + n + 3. Let y(z) = 7*d(z) - 2*g(z). What are the prime factors of y(4)?
3, 5
Suppose 0 = -14*t + 10*t + 460. Suppose -5*b - 2*l = -87, t = -2*b + 7*b - 5*l. What are the prime factors of b?
19
List the prime factors of (278*(-1 - 1))/(-2).
2, 139
Let y = -5 + 9. Let c(t) = -4*t + 17 + t + 15 + y*t. List the prime factors of c(0).
2
Suppose -2*b = -5*b - 3, b - 111 = -4*g. What are the prime factors of -3 + 4 + 3 + g?
2
Suppose 0 = -4*b + k + 36, 2*b + 2*k = 2 + 16. Suppose -b*v + 1885 = 4*v.